usands digit of 137333?
3
What is the thousands digit of 1570059?
0
What is the thousands digit of 874674?
4
What is the units digit of 26926870?
0
What is the units digit of 2638778?
8
What is the hundred thousands digit of 1688078?
6
What is the hundred thousands digit of 10891967?
8
What is the units digit of 5036900?
0
What is the thousands digit of 9186647?
6
What is the thousands digit of 12130779?
0
What is the tens digit of 741525?
2
What is the hundred thousands digit of 3470158?
4
What is the ten thousands digit of 4529031?
2
What is the hundreds digit of 873399?
3
What is the units digit of 171387?
7
What is the hundred thousands digit of 2970239?
9
What is the hundred thousands digit of 511288?
5
What is the millions digit of 1477600?
1
What is the hundred thousands digit of 535188?
5
What is the tens digit of 1427599?
9
What is the hundred thousands digit of 10810251?
8
What is the units digit of 197588?
8
What is the tens digit of 792439?
3
What is the tens digit of 96605?
0
What is the tens digit of 410824?
2
What is the tens digit of 6147376?
7
What is the tens digit of 2912725?
2
What is the millions digit of 3876851?
3
What is the tens digit of 79286?
8
What is the tens digit of 8498085?
8
What is the hundred thousands digit of 3935857?
9
What is the units digit of 11043116?
6
What is the ten thousands digit of 6392097?
9
What is the units digit of 2585751?
1
What is the hundred thousands digit of 4471212?
4
What is the tens digit of 19685681?
8
What is the thousands digit of 229983?
9
What is the units digit of 8822820?
0
What is the hundreds digit of 355168?
1
What is the tens digit of 8298216?
1
What is the tens digit of 1553470?
7
What is the units digit of 1745879?
9
What is the ten thousands digit of 579081?
7
What is the ten thousands digit of 861456?
6
What is the units digit of 1628052?
2
What is the ten thousands digit of 4120205?
2
What is the thousands digit of 262396?
2
What is the tens digit of 2976612?
1
What is the units digit of 111547?
7
What is the hundreds digit of 173257?
2
What is the millions digit of 8365619?
8
What is the thousands digit of 161635?
1
What is the units digit of 157086?
6
What is the thousands digit of 1709311?
9
What is the units digit of 194711?
1
What is the millions digit of 4893506?
4
What is the hundreds digit of 68059?
0
What is the tens digit of 62110?
1
What is the ten thousands digit of 6308666?
0
What is the thousands digit of 74802?
4
What is the millions digit of 2423290?
2
What is the millions digit of 1194714?
1
What is the hundreds digit of 871844?
8
What is the hundred thousands digit of 31263381?
2
What is the tens digit of 1445796?
9
What is the units digit of 233969?
9
What is the ten thousands digit of 1726978?
2
What is the ten thousands digit of 40615?
4
What is the tens digit of 231842?
4
What is the thousands digit of 5244246?
4
What is the hundreds digit of 194705?
7
What is the thousands digit of 5188590?
8
What is the thousands digit of 36134?
6
What is the thousands digit of 1928139?
8
What is the units digit of 7696111?
1
What is the units digit of 2485784?
4
What is the hundreds digit of 4700116?
1
What is the thousands digit of 2534101?
4
What is the tens digit of 3698?
9
What is the thousands digit of 166461?
6
What is the hundred thousands digit of 147790?
1
What is the ten thousands digit of 289824?
8
What is the thousands digit of 139481?
9
What is the units digit of 89241?
1
What is the thousands digit of 446621?
6
What is the units digit of 10231563?
3
What is the hundreds digit of 3091975?
9
What is the tens digit of 319929?
2
What is the thousands digit of 383280?
3
What is the hundreds digit of 349829?
8
What is the hundred thousands digit of 22435638?
4
What is the tens digit of 4779545?
4
What is the tens digit of 303330?
3
What is the hundred thousands digit of 2568218?
5
What is the thousands digit of 356585?
6
What is the ten thousands digit of 1200794?
0
What is the thousands digit of 196529?
6
What is the thousands digit of 6272820?
2
What is the tens digit of 3647234?
3
What is the tens digit of 18359865?
6
What is the thousands digit of 1068524?
8
What is the units digit of 1110782?
2
What is the units digit of 22295836?
6
What is the hundred thousands digit of 6531967?
5
What is the ten thousands digit of 1525459?
2
What is the units digit of 3298382?
2
What is the hundred thousands digit of 1897155?
8
What is the tens digit of 18098630?
3
What is the hundreds digit of 429433?
4
What is the ten thousands digit of 207279?
0
What is the hundred thousands digit of 213503?
2
What is the thousands digit of 1576971?
6
What is the hundreds digit of 19746?
7
What is the units digit of 1403325?
5
What is the ten millions digit of 21098773?
2
What is the ten thousands digit of 1812231?
1
What is the hundreds digit of 155882?
8
What is the thousands digit of 19627789?
7
What is the tens digit of 11753334?
3
What is the hundreds digit of 1863416?
4
What is the ten thousands digit of 3395537?
9
What is the ten thousands digit of 273337?
7
What is the thousands digit of 82586?
2
What is the hundred thousands digit of 703039?
7
What is the thousands digit of 4407?
4
What is the units digit of 1404537?
7
What is the hundreds digit of 663495?
4
What is the units digit of 242313?
3
What is the millions digit of 5747750?
5
What is the tens digit of 2504164?
6
What is the units digit of 123626?
6
What is the hundred thousands digit of 1635972?
6
What is the hundred thousands digit of 7523478?
5
What is the thousands digit of 7899266?
9
What is the units digit of 145151?
1
What is the units digit of 10494817?
7
What is the hundred thousands digit of 307292?
3
What is the thousands digit of 213106?
3
What is the units digit of 15433208?
8
What is the thousands digit of 1229151?
9
What is the hundreds digit of 2010396?
3
What is the thousands digit of 2767935?
7
What is the tens digit of 137195?
9
What is the tens digit of 10838512?
1
What is the tens digit of 1367437?
3
What is the ten thousands digit of 13454279?
5
What is the hundred thousands digit of 1135502?
1
What is the hundred thousands digit of 4604664?
6
What is the tens digit of 1341172?
7
What is the units digit of 4791399?
9
What is the ten thousands digit of 15383?
1
What is the thousands digit of 641527?
1
What is the hundreds digit of 27052?
0
What is the hundreds digit of 1303027?
0
What is the ten thousands digit of 870334?
7
What is the ten thousands digit of 812031?
1
What is the ten thousands digit of 10550459?
5
What is the hundred thousands digit of 856121?
8
What is the units digit of 104882?
2
What is the hundreds digit of 174607?
6
What is the hundred thousands digit of 181532?
1
What is the thousands digit of 7126674?
6
What is the units digit of 6974504?
4
What is the hundred thousands digit of 217403?
2
What is the ten thousands digit of 1150308?
5
What is the ten thousands digit of 840846?
4
What is the units digit of 2376168?
8
What is the millions digit of 1010872?
1
What is the tens digit of 328208?
0
What is the thousands digit of 298251?
8
What is the millions digit of 4610958?
4
What is the hundred thousands digit of 577556?
5
What is the units digit of 2887125?
5
What is the hundred thousands digit of 744100?
7
What is the hundreds digit of 9703671?
6
What is the tens digit of 4458952?
5
What is the units digit of 2966623?
3
What is the ten thousands digit of 291549?
9
What is the ten thousands digit of 193182?
9
What is the hundreds digit of 3139140?
1
What is the hundreds digit of 45546?
5
What is the ten thousands digit of 22864930?
6
What is the units digit of 1242301?
1
What is the hundreds digit of 20612660?
6
What is the hundred thousands digit of 2518796?
5
What is the hundreds digit of 14417428?
4
What is the hundred thousands digit of 182123?
1
What is the units digit of 346977?
7
What is the millions digit of 21347238?
1
What is the hundred thousands digit of 8303305?
3
What is the units digit of 305996?
6
What is the thousands digit of 895891?
5
What is the ten millions digit of 11162727?
1
What is the units digit of 3509358?
8
What is the ten thousands digit of 407777?
0
What is the thousands digit of 1514452?
4
What is the thousands digit of 8753318?
3
